 a*o = -4*b + 13196, -4*b = 5*o - 13196. Is b composite?
False
Let m be -6 - -8 - (2 + -5). Suppose -m*t + 11662 = -2*j + 3*j, 7002 = 3*t - j. Is t a composite number?
False
Let h(d) = 63*d + 2 - 1 + 0. Let u = 385 - 383. Is h(u) prime?
True
Let l = 38165 + -22174. Is l a prime number?
True
Let n be ((-12)/2 - -2) + -2. Let r(v) = -28*v - 29. Is r(n) a composite number?
False
Let o(h) = -585*h**2 - 3*h + 4. Let k be 2/(8/(-6) + 6/9). Let m(g) = -586*g**2 - 2*g + 3. Let q(b) = k*m(b) + 2*o(b). Is q(-1) a prime number?
True
Let l = -273422 - -401113. Is l a composite number?
False
Let c(u) = -6*u**3 - 3*u**2 + 3*u + u**2 - 4244 + 0*u**3 + 4254. Let w = 2 - 5. Is c(w) a composite number?
True
Let o(v) be the first derivative of 35*v**2 - 53*v - 2. Let q(p) = -p**3 + 16*p**2 + 10. Let b be q(16). Is o(b) a prime number?
True
Suppose 49 = 2*c - 93. Suppose -7*k = -97 - c. Suppose 0 = -27*j + k*j + 1002. Is j a composite number?
True
Suppose u + 17038 = 4*q, -13399 = 2*u + q + 20686. Let k = -10047 - u. Is k composite?
True
Suppose -t + s + 3*s - 14 = 0, -15 = -5*s. Let j be (-2 - 1905) + (t - -2). Let x = j + 9126. Is x a prime number?
True
Let w(v) = -4601*v - 1157. Is w(-20) a composite number?
False
Let m = -1530400 + 2462481. Is m a prime number?
True
Let k be (84475 + -44)*(-2)/(-2). Suppose 5*v = 4*u + k, 16879 = v - 0*u + u. Is v prime?
True
Suppose 3*y - 1 = -n, 4*n + 12 = 10*y - 14*y. Is y*5*(-2027)/(-10) a prime number?
True
Suppose -5*y + 216 = -y. Let f = 50 - y. Is (0 - 1)/((12/1437)/f) composite?
False
Let b(x) = 67*x - 593. Let q be b(9). Let w(d) = -2*d + 5 + 10*d + 12*d. Is w(q) composite?
True
Let p(n) = 189*n - 3. Let h(c) = 94*c - 1. Let w(y) = 9*h(y) - 4*p(y). Let g be w(7). Let v = 1154 - g. Is v composite?
False
Let y(t) = 14046*t - 2. Let n be y(1). Let c = 9 - 5. Suppose -c*u + 0*u = -n. Is u prime?
True
Suppose -4*d = m + 11, 0 = 2*m - 7*m + 3*d + 37. Suppose -13029 = m*z - 844. Let r = z - -4490. Is r a prime number?
True
Suppose 2*f = 2*w + 9765 - 188059, -4*w + f = -356576. Is w a composite number?
True
Let d(u) = 7*u**2 + 16*u + 33. Let r be d(-18). Let h = 4474 - r. Is h a prime number?
False
Let x = -37 + 45. Suppose 25 - x = -j. Is 417*j/(-15) + 2/5 a composite number?
True
Let t = -259 - -271. Is -14*((-606)/t - 3) a prime number?
False
Is ((-5)/(-2))/1*((-1102352)/(-40) + 8) a composite number?
False
Let f be 18/117 + (-1556)/(-26). Suppose -41 = 2*o + 4*n - 3*n, -f = 3*o + 3*n. Is 3635 + o/(-12) + 2/8 a prime number?
True
Let n(h) = 16266*h - 14. Let a be n(9). Suppose 20*t - a = -0*t. Is t prime?
False
Suppose 4*l + 6464 = 3*y, -3*y = -l - 1303 - 5146. Suppose 3*n - 12807 = 3*z - y, 3*z = n - 3559. Let k = n + -143. Is k a prime number?
True
Suppose -136694 = -4*h - 2*l, -39*l + 102508 = 3*h - 40*l. Is h a prime number?
True
Let j(f) = -5*f**3 - 16*f**2 - 130*f + 25. Is j(-24) a composite number?
True
Let i = 102542 + -6309. Is i a composite number?
False
Suppose -1525 = -8*k - 445. Let i = 138 - k. Suppose t - 2365 = -0*t + 3*o, 0 = -i*t - 4*o + 7121. Is t a prime number?
True
Is 971328/24 - (-8)/(-1) - -1 a prime number?
False
Suppose 2*f - 42 + 38 = 0. Let b(o) = 609*o**3 - 3*o**2 + 27*o - 53. Is b(f) composite?
False
Let v(r) = -13*r - 41. Let i be v(-12). Let n = -52 + i. Let x = n + 46. Is x composite?
False
Let t(g) = -92*g - 59. Let d(n) = n. Let i(m) = -2*d(m) + t(m). Is i(-12) a prime number?
True
Let a = 49 - 46. Suppose -5 = -5*j - 5*r, j + a*r - 3 = -10. Suppose 4*k = z - 161, -j*z + k + 781 = 5*k. Is z composite?
False
Let t = 5299 - -8028. Is t composite?
False
Is 1*-4*(-4571590)/760 a prime number?
True
Suppose 2*q + 69 = -49. Let k = q + 63. Suppose 3*b + 4*f = 638, -k*b - f = -5*f - 860. Is b prime?
False
Let i be 15*8/6 - 5. Suppose -12*g - 10995 = -i*g. Is g prime?
False
Let h be (12129/9)/(-13)*15. Let o be ((-1)/1 - -4) + 2865. Let f = h + o. Is f composite?
True
Let f(k) = -17598*k + 6983. Is f(-17) composite?
False
Let k(x) = -616*x**2 - 2. Let o be k(-5). Let i = o - -21933. Suppose i = -7*g + 10*g. Is g a prime number?
False
Let h(p) = -2 + 19*p**2 + 24*p**2 - 62*p**2 + 13*p. Let u(g) = g**2 + g - 1. Let r(c) = -h(c) + 5*u(c). Is r(5) a prime number?
True
Let z = -1355 + 343. Let a = z + 590. Let t = a - -599. Is t a composite number?
True
Let l(g) = 6*g**2 + 13*g + 89. Is l(84) prime?
True
Suppose 0 = 6*s - 5*s - 97. Suppose 0 = 95*j - s*j + 9566. Is j a prime number?
True
Let m(c) = -c + 4. Let f be m(3). Is f/5 + 9/((-315)/(-252658)) a prime number?
True
Let b(p) = p**2 + 19*p - 35. Let l be b(-21). Suppose 0 = 4*g - 4*y + 16, -l - 3 = -2*y. Is ((-934)/(-4))/(g/(-2) + 1) a composite number?
False
Let w = 6313 - 6309. Let f = -4989 + 7539. Suppose -5*b = 3*u - 2*b - 1911, 5*b = -w*u + f. Is u a composite number?
True
Suppose 21*w + 133578 = 12*w. Let b = 28285 + w. Is b composite?
True
Suppose 5*l + 35 = 0, 72*r - 76*r + 196025 = 5*l. Is r a prime number?
False
Suppose -4*b - 9*q + 577528 = -7*q, -3*q - 288740 = -2*b. Is b composite?
False
Let m(l) = 95474*l**2 - 70*l + 33. Is m(4) a composite number?
True
Let q(x) be the second derivative of -5*x**3/6 + 15*x**2 - x. Let n be q(8). Is (-4068)/n - 6/(-30) a prime number?
False
Suppose -157 = -5*y + 178. Let j = 90 + y. Is j prime?
True
Suppose -3*c + 397231 = 2*r - 846234, 0 = -3*c - 3*r + 1243467. Is c composite?
False
Let w = 62 - 70. Let y be ((-3058)/(-4))/((20/w)/(-5)). Suppose -179 = 2*c - 3*b - 784, -2*b - y = -5*c. Is c prime?
True
Suppose u = -u, -5*u = 3*y - 18. Let j be y*159*(-5)/(-15). Suppose -5*c + 5*g = -732 - j, -2*g + 424 = 2*c. Is c a prime number?
True
Let q = 316569 - 213604. Is q prime?
False
Suppose 0 = -4*t - 482*t + 79379838. Is t prime?
False
Let f(z) = z**3 + 27*z**2 - 18*z + 147. Let v be 3 - (-176)/(4 + -12). Is f(v) a prime number?
False
Let l(h) = 6*h**2 + 19*h + 19. Let a(b) = b**2. Let j(c) = -5*a(c) + l(c). Is j(29) composite?
True
Let v(r) = 10269*r + 8. Let u = -20 - -18. Let z be v(u). Is (z/25)/((-2)/5*1) a composite number?
False
Let z(b) = -87*b**2 - 5*b + 29. Let h(v) = v**3 - 6*v**2 - 9*v + 20. Let a be h(7). Let s be z(a). Let f = -1052 - s. Is f a prime number?
True
Suppose -3*d + 366231 = -3*w, -22*d - 4*w - 610389 = -27*d. Is d prime?
True
Let x(y) = -2 + 6*y + 37 + 26 - 37*y. Is x(-16) composite?
False
Let i(m) = 57*m - 4. Let l(r) = 1. Let o(d) = -172*d + 15. Let h(x) = 4*l(x) - o(x). Let q(y) = -3*h(y) + 8*i(y). Is q(-9) prime?
True
Suppose -2*o - 5*t = 24268 - 169267, 0 = -o + 5*t + 72522. Is o a composite number?
True
Let s(c) = 11*c**2 - 428*c + 2158. Is s(5) a composite number?
False
Let o(g) = -131 + 65 - 26*g + 71 - 2*g**2. Let n be o(-18). Is n/(-5) - (0 - 3) composite?
True
Is 5717468/8*((-70)/7)/(-5) composite?
False
Suppose 3*z - 7 = -i, -2*i + 10 = i - 2*z. Suppose -2*l + 16 = -2*d, 0*l - d + i = 3*l. Suppose -l*w + 2*w = -623. Is w a prime number?
False
Let z = 197 - 179. Is 4/z + (-574826)/(-342) a prime number?
False
Suppose 7*x - 8*x - 4*z = 14, -23 = -3*x + z. Let s(l) be the first derivative of 88*l**2 + 5*l + 2. Is s(x) prime?
True
Suppose q - 7 = -z, 0*q + 2*q = -3*z + 18. Suppose 3*p + 2*i - 547 = 1543, 0 = q*p - 5*i - 2062. Is p a prime number?
False
Let a(o) = 8*o**2 + 31*o. Let q be a(-4). Suppose -q*c + 3*c + 1154 = m, 3*c - 3450 = m. Is c prime?
True
Let z = 3265856 - 1927287. Is z prime?
False
Suppose 48 = 16*l - 22*l. Let o(k) = 13*k**2 - 15*k + 1. Is o(l) a composite number?
False
Let l(j) = 57996*j**2 - 928*j + 2785. Is l(3) prime?
False
Let v(m) = 15*m**2 - 15*m + 26. Let s be v(-13). Suppose -4*c + s = -2*t, 3*c + 4*t - 2394 = -327. Is c a prime number?
False
Let h(z) = 36*z**2 - 52*z - 1. Suppose f + 2*d + 6 = -3, -2*f + d = 8. Is h(f) composite?
True
Let o(u) = -1486*u - 22 - 53 - 1099*u - 1944*u. Is o(-4) a composite number?
False
Let y(r) = r**2 - r + 1345. Let t(o) = 3*o - 21. Let l be t(7). Let v be y(l). Suppose v - 263 = 2*z. Is z prime?
True
Let h(i) = 17416*i + 199. Is h(4) prime?
False
Let s(x) = 116*x + 4. Let v(m) = m**2 - 21*m + 4. Let p be v(21). Let d be s(p). Is d - 6/(-4)*6/9 prime?
False
Is (6/(-4))/(((-3303720760)/(-21735008))/19 + -8) composite?
True
Suppose -325*y + 326*y = 10. Is (4340 - -9)/(2/y) prime?
False
Suppose 3*m - 5*m +